rime factors of 1970?
2, 5, 197
What are the prime factors of 606?
2, 3, 101
List the prime factors of 3021.
3, 19, 53
List the prime factors of 1608.
2, 3, 67
List the prime factors of 6772.
2, 1693
List the prime factors of 119029.
37, 3217
What are the prime factors of 10605?
3, 5, 7, 101
What are the prime factors of 16625?
5, 7, 19
What are the prime factors of 258?
2, 3, 43
What are the prime factors of 38576?
2, 2411
What are the prime factors of 7137?
3, 13, 61
List the prime factors of 35327.
35327
What are the prime factors of 1580?
2, 5, 79
List the prime factors of 418.
2, 11, 19
What are the prime factors of 3720?
2, 3, 5, 31
List the prime factors of 1025.
5, 41
List the prime factors of 1930.
2, 5, 193
What are the prime factors of 3324?
2, 3, 277
List the prime factors of 92655.
3, 5, 29, 71
What are the prime factors of 14138?
2, 7069
What are the prime factors of 1919?
19, 101
List the prime factors of 7484.
2, 1871
List the prime factors of 132855.
3, 5, 17, 521
List the prime factors of 25468.
2, 6367
What are the prime factors of 1280?
2, 5
List the prime factors of 678.
2, 3, 113
What are the prime factors of 920?
2, 5, 23
List the prime factors of 3156.
2, 3, 263
List the prime factors of 1901.
1901
List the prime factors of 15706.
2, 7853
List the prime factors of 108563.
7, 13, 1193
List the prime factors of 1238.
2, 619
List the prime factors of 651.
3, 7, 31
What are the prime factors of 3994?
2, 1997
What are the prime factors of 18570?
2, 3, 5, 619
What are the prime factors of 6893?
61, 113
What are the prime factors of 166?
2, 83
List the prime factors of 324.
2, 3
List the prime factors of 11246.
2, 5623
List the prime factors of 2489.
19, 131
What are the prime factors of 4780?
2, 5, 239
List the prime factors of 2605.
5, 521
What are the prime factors of 151596?
2, 3, 4211
What are the prime factors of 4149?
3, 461
What are the prime factors of 2249?
13, 173
List the prime factors of 39085.
5, 7817
List the prime factors of 1426.
2, 23, 31
List the prime factors of 3504.
2, 3, 73
List the prime factors of 6490.
2, 5, 11, 59
List the prime factors of 6299.
6299
What are the prime factors of 24900?
2, 3, 5, 83
List the prime factors of 28040.
2, 5, 701
What are the prime factors of 342?
2, 3, 19
What are the prime factors of 438?
2, 3, 73
List the prime factors of 22955.
5, 4591
List the prime factors of 1756.
2, 439
List the prime factors of 589.
19, 31
List the prime factors of 1802.
2, 17, 53
What are the prime factors of 951?
3, 317
List the prime factors of 1766.
2, 883
List the prime factors of 63722.
2, 151, 211
List the prime factors of 1879.
1879
List the prime factors of 7552.
2, 59
What are the prime factors of 12084?
2, 3, 19, 53
List the prime factors of 5454.
2, 3, 101
List the prime factors of 17192.
2, 7, 307
What are the prime factors of 876?
2, 3, 73
List the prime factors of 1430.
2, 5, 11, 13
What are the prime factors of 1051?
1051
List the prime factors of 14713.
14713
List the prime factors of 38008.
2, 4751
What are the prime factors of 11566?
2, 5783
List the prime factors of 267.
3, 89
List the prime factors of 635.
5, 127
List the prime factors of 460.
2, 5, 23
List the prime factors of 11838.
2, 3, 1973
List the prime factors of 242.
2, 11
What are the prime factors of 697?
17, 41
List the prime factors of 45303.
3, 15101
What are the prime factors of 234?
2, 3, 13
What are the prime factors of 555?
3, 5, 37
What are the prime factors of 116145?
3, 5, 29, 89
List the prime factors of 26618.
2, 13309
What are the prime factors of 82?
2, 41
What are the prime factors of 32397?
3, 10799
What are the prime factors of 4115?
5, 823
What are the prime factors of 1469?
13, 113
What are the prime factors of 1997?
1997
List the prime factors of 8630.
2, 5, 863
What are the prime factors of 31268?
2, 7817
List the prime factors of 2592.
2, 3
List the prime factors of 63077.
7, 9011
List the prime factors of 7488.
2, 3, 13
What are the prime factors of 31138?
2, 15569
List the prime factors of 1949.
1949
What are the prime factors of 70?
2, 5, 7
List the prime factors of 710.
2, 5, 71
What are the prime factors of 30102?
2, 3, 29, 173
List the prime factors of 4358.
2, 2179
What are the prime factors of 4491?
3, 499
What are the prime factors of 61477?
13, 4729
List the prime factors of 115453.
13, 83, 107
What are the prime factors of 9640?
2, 5, 241
List the prime factors of 1282.
2, 641
List the prime factors of 20954.
2, 10477
What are the prime factors of 2207?
2207
List the prime factors of 20133.
3, 2237
List the prime factors of 157134.
2, 3, 26189
List the prime factors of 3902.
2, 1951
What are the prime factors of 929?
929
List the prime factors of 3682.
2, 7, 263
List the prime factors of 1336.
2, 167
What are the prime factors of 721?
7, 103
What are the prime factors of 603?
3, 67
What are the prime factors of 2601?
3, 17
What are the prime factors of 1022?
2, 7, 73
List the prime factors of 16575.
3, 5, 13, 17
What are the prime factors of 2170?
2, 5, 7, 31
List the prime factors of 1457.
31, 47
List the prime factors of 11007.
3, 1223
What are the prime factors of 2454?
2, 3, 409
What are the prime factors of 485?
5, 97
What are the prime factors of 76960?
2, 5, 13, 37
List the prime factors of 583.
11, 53
What are the prime factors of 22714?
2, 41, 277
List the prime factors of 1941.
3, 647
What are the prime factors of 1437?
3, 479
What are the prime factors of 500?
2, 5
List the prime factors of 2152.
2, 269
What are the prime factors of 7199?
23, 313
What are the prime factors of 73913?
7, 10559
List the prime factors of 176.
2, 11
What are the prime factors of 7562?
2, 19, 199
List the prime factors of 105944.
2, 17, 19, 41
What are the prime factors of 149931?
3, 617
What are the prime factors of 11265?
3, 5, 751
List the prime factors of 8157.
3, 2719
What are the prime factors of 360?
2, 3, 5
List the prime factors of 106158.
2, 3, 13, 1361
List the prime factors of 8214.
2, 3, 37
What are the prime factors of 68653?
13, 5281
What are the prime factors of 67421?
67421
List the prime factors of 28613.
13, 31, 71
List the prime factors of 23275.
5, 7, 19
What are the prime factors of 114129?
3, 1409
What are the prime factors of 49525?
5, 7, 283
List the prime factors of 105523.
11, 53, 181
What are the prime factors of 180206?
2, 13, 29, 239
List the prime factors of 21048.
2, 3, 877
What are the prime factors of 63264?
2, 3, 659
What are the prime factors of 5913?
3, 73
List the prime factors of 2803.
2803
What are the prime factors of 168?
2, 3, 7
What are the prime factors of 3319?
3319
What are the prime factors of 1196?
2, 13, 23
List the prime factors of 37777.
37, 1021
What are the prime factors of 5723?
59, 97
What are the prime factors of 3352?
2, 419
What are the prime factors of 1128?
2, 3, 47
What are the prime factors of 554?
2, 277
What are the prime factors of 86721?
3, 137, 211
What are the prime factors of 502?
2, 251
What are the prime factors of 934?
2, 467
What are the prime factors of 38280?
2, 3, 5, 11, 29
What are the prime factors of 633?
3, 211
List the prime factors of 16690.
2, 5, 1669
What are the prime factors of 125794?
2, 62897
List the prime factors of 8923.
8923
List the prime factors of 26043.
3, 8681
What are the prime factors of 4762?
2, 2381
What are the prime factors of 5294?
2, 2647
What are the prime factors of 1142?
2, 571
What are the prime factors of 9613?
9613
What are the prime factors of 9976?
2, 29, 43
What are the prime factors of 894?
2, 3, 149
List the prime factors of 25984.
2, 7, 29
List the prime factors of 24384.
2, 3, 127
What are the prime factors of 1453?
1453
List the prime factors of 15810.
2, 3, 5, 17, 31
List the prime factors of 534.
2, 3, 89
List the prime factors of 1911.
3, 7, 13
List the prime factors of 5499.
3, 13, 47
List the prime factors of 121952.
2, 37, 103
List the prime factors of 5871.
3, 19, 103
List the prime factors of 1009.
1009
What are the prime factors of 22885?
5, 23, 199
List the prime factors of 1702.
2, 23, 37
What are the prime factors of 8891?
17, 523
List the prime factors of 27056.
2, 19, 89
List the prime factors of 856.
2, 107
What are the prime factors of 47436?
2, 3, 59, 67
W